{"id":2894,"date":"2016-08-16T16:11:07","date_gmt":"2016-08-16T14:11:07","guid":{"rendered":"https:\/\/blog.rollorieper.de\/?page_id=2894"},"modified":"2025-10-28T13:54:00","modified_gmt":"2025-10-28T12:54:00","slug":"autor-rouven-rieper","status":"publish","type":"page","link":"https:\/\/www.rollorieper.de\/blog\/autor-rouven-rieper","title":{"rendered":"Der Autor Rouven Rieper"},"content":{"rendered":"<div style=\"overflow: hidden; padding: 10px;\">\n<p><img decoding=\"async\" class=\"siez-full wp-image-9163 size-medium\" title=\"Der Autor\" src=\"https:\/\/www.rollorieper.de\/blog\/wp-content\/uploads\/2023\/07\/Rouven_Rieper_rund-300x300.jpg\" sizes=\"(max-width: 300px) 100vw, 300px\" srcset=\"https:\/\/www.rollorieper.de\/blog\/wp-content\/uploads\/2023\/07\/Rouven_Rieper_rund-300x300.jpg 300w, https:\/\/www.rollorieper.de\/blog\/wp-content\/uploads\/2023\/07\/Rouven_Rieper_rund-150x150.jpg 150w, https:\/\/www.rollorieper.de\/blog\/wp-content\/uploads\/2023\/07\/Rouven_Rieper_rund.jpg 507w\" alt=\"Autor Rouven Rieper\" width=\"300\" height=\"300\" \/><\/p>\n<\/div>\n<h2>Gesch\u00e4ftsf\u00fchrender Inhaber von Rollo Rieper<\/h2>\n<p style=\"text-align: left;\">Dipl. Oec. Rouven Rieper ist seit Juli 1997 Inhaber der Firma Rollo Rieper Rouven Rieper e.K., Bausachverst\u00e4ndiger und begeisterter Blogger. Nach dem Tode seines Vaters <a title=\"Georg Rieper - Wikipedia Artikel\" href=\"https:\/\/de.wikipedia.org\/wiki\/Georg_Rieper\">Georg Rieper<\/a> \u00fcbernahm Rouven Rieper das kleine Unternehmen in Bremen, Humboldtstra\u00dfe, und fertigte zun\u00e4chst noch selbst in der hauseigenen Werkstatt Rollos und Innenjalousien. Danach war er viele Jahre im Au\u00dfendienst f\u00fcr Rollo Rieper t\u00e4tig und leitete den Verkauf in Bremen. Heute arbeitet Rieper gemeinsam mit 44 Mitarbeitern in der neuen Zentrale in Bremen, Hans-Bredow-Stra\u00dfe 64. Er k\u00fcmmert sich um alle kaufm\u00e4nnischen Belange des Unternehmens, ist f\u00fcr die Gestaltung der Internetseiten verantwortlich und ber\u00e4t Sie gerne pers\u00f6nlich oder per Telefon. Wenn Sie Fragen oder Anregungen zu den Themen Markisen, Rollos, Jalousien oder andere Sicht- und Sonnenschutz Systeme haben, schreiben Sie bitte einfach einen Kommentar! Herr Rieper oder seine Mitarbeiter werden Ihre Fragen schnellstm\u00f6glich beantworten und sind f\u00fcr Anregungen und Kritik stets aufgeschlossen.<\/p>\n<p>Hier erfahren Sie mehr von Rouven:<\/p>\n<div style=\"display: inline !important;\">\n<p><a title=\"Rouven Rieper LinkedIn Profil\" href=\"https:\/\/de.linkedin.com\/in\/rouven-rieper-36387868\" target=\"_blank\" rel=\"noopener\"><img decoding=\"async\" class=\"size-medium wp-image-9165\" style=\"display: inline-block !important; padding: 0 5px 0 0; width:40px\" src=\"https:\/\/www.rollorieper.de\/blog\/wp-content\/uploads\/2023\/07\/logo_linkedin_wp.png\" alt=\"LinkedIn Profil\" width=\"44\" height=\"44\" \/><\/a><a title=\"Rollo Rieper - Rouven Rieper YouTube Kanal\" href=\"https:\/\/www.youtube.com\/rollorieper\" target=\"_blank\" rel=\"noopener\"><img decoding=\"async\" class=\"size-full wp-image-9164\" style=\"display: inline-block !important; padding: 0 5px 0 5px; width:40px\" src=\"https:\/\/www.rollorieper.de\/blog\/wp-content\/uploads\/2023\/07\/logo_youtube_wp.png\" alt=\"YouTube Kanal\" width=\"44\" height=\"44\" \/><\/a><a title=\"Instagram Account Rouven Rieper\" href=\"https:\/\/www.instagram.com\/rouvenrieper\" target=\"_blank\" rel=\"noopener\"><img decoding=\"async\" class=\"size-medium wp-image-9177\" style=\"display: inline-block !important; padding: 0 5px 0 5px; width:40px\" src=\"https:\/\/www.rollorieper.de\/blog\/wp-content\/uploads\/2023\/07\/logo_instagram_wp.png\" alt=\"Instagram Account\" width=\"44\" height=\"44\" data-wp-editing=\"1\" \/><\/a><a title=\"Xing Profil Rouven Rieper\" href=\"https:\/\/www.facebook.com\/rouven.rieper\" target=\"_blank\" rel=\"noopener\"><img decoding=\"async\" class=\"size-medium wp-image-9182\" style=\"display: inline-block !important; padding: 0 5px 0 5px; width:40px\" src=\"https:\/\/www.rollorieper.de\/blog\/wp-content\/uploads\/2023\/07\/logo_facebook_wp.png\" alt=\"Facebook Seite\" width=\"44\" height=\"44\" \/><\/a><a title=\"Rouven Rieper Xing Profil\" href=\"https:\/\/www.xing.com\/profile\/Rouven_Rieper\" target=\"_blank\" rel=\"noopener\"><img decoding=\"async\" class=\"size-medium wp-image-9174\" style=\"display: inline-block !important; padding: 0 5px 0 5px; width:40px\" src=\"https:\/\/www.rollorieper.de\/blog\/wp-content\/uploads\/2023\/07\/logo_xing_wp.jpg\" alt=\"Xing Profilseite\" width=\"44\" height=\"44\" \/><\/a><a title=\"Rouven Rieper \/ Georg Rieper Wikipedia Artikel\" href=\"https:\/\/de.wikipedia.org\/wiki\/Georg_Rieper\" target=\"_blank\" rel=\"noopener\"><img decoding=\"async\" class=\"size-medium wp-image-9166\" style=\"display: inline-block !important; padding: 0 5px 0 5px; width:40px\" src=\"https:\/\/www.rollorieper.de\/blog\/wp-content\/uploads\/2023\/07\/logo_wiki_wp.png\" alt=\"Wikepedia Artikel\" width=\"44\" height=\"44\" \/><\/a><a title=\"Twitter X Rollo Rieper Rouven Rieper\" href=\"https:\/\/twitter.com\/RolloRieperDe\" target=\"_blank\" rel=\"noopener\"><img decoding=\"async\" class=\"size-mediuml wp-image-9176\" style=\"display: inline-block !important; padding: 0 5px 0 5px; width:40px\" src=\"https:\/\/www.rollorieper.de\/blog\/wp-content\/uploads\/2023\/07\/logo_twitter_x_wp.png\" alt=\"Twitter \/ X Kanal\" width=\"44\" height=\"44\" \/><\/a><a title=\"TicToc Account Rollo Rieper Rouven Rieper\" href=\"https:\/\/www.tiktok.com\/@rollorieper\" target=\"_blank\" rel=\"noopener\"><img decoding=\"async\" class=\"size-medium wp-image-9178\" style=\"display: inline-block !important; padding: 0 0 0 5px; width:40px\" src=\"https:\/\/www.rollorieper.de\/blog\/wp-content\/uploads\/2023\/07\/logo_tictoc_wp.png\" alt=\"TikTok\" width=\"44\" height=\"44\" \/><\/a><\/p>\n<p>&nbsp;<\/p>\n<\/div>\n<div class=\"post-grid-wrapper\">\n<p><span class=\"title\">Meine Lieblingsbeitr\u00e4ge<br \/>\n<\/span><\/p>\n<div class=\"post-grid\">\n<div class=\"post-item post-9098 post type-post status-publish format-standard has-post-thumbnail hentry category-sonnenschutz\">\n<div class=\"post-thumbnail\"><a title=\"Hitzeschutz im Kinderzimmer: Das funktioniert \u2013 und sieht gut aus!\" href=\"https:\/\/www.rollorieper.de\/blog\/hitzeschutz-im-kinderzimmer.html\">\n<picture> <img decoding=\"async\" class=\"lazy entered loaded\" src=\"https:\/\/www.rollorieper.de\/blog\/wp-content\/uploads\/2023\/06\/Kinderzimmer_sonnenschutz_teaser_neu-400x250.jpg\" data-src=\"https:\/\/www.rollorieper.de\/blog\/wp-content\/uploads\/2023\/06\/Kinderzimmer_sonnenschutz_teaser_neu-400x250.jpg\" data-ll-status=\"loaded\" \/><\/picture> <\/a><\/div>\n<div class=\"post-item-inner\">\n<p>&nbsp;<\/p>\n<h2 class=\"title\">Hitzeschutz im Kinderzimmer: Das funktioniert \u2013 und sieht gut aus!<\/h2>\n<p>&nbsp;<\/p>\n<p><a class=\"btn filled\" title=\"Hitzeschutz im Kinderzimmer: Das funktioniert \u2013 und sieht gut aus!\" href=\"https:\/\/www.rollorieper.de\/blog\/hitzeschutz-im-kinderzimmer.html\">Jetzt lesen<\/a><\/p>\n<\/div>\n<\/div>\n<div class=\"post-item post-8757 post type-post status-publish format-standard has-post-thumbnail hentry category-sonnenschutz\">\n<div class=\"post-thumbnail\"><a title=\"Plissee ohne Bohren \u2013 einfacher kann Montage nicht sein\" href=\"https:\/\/www.rollorieper.de\/blog\/plissee-ohne-bohren-mit-kleben.html\">\n<picture> <img decoding=\"async\" class=\"lazy entered loaded\" src=\"https:\/\/www.rollorieper.de\/blog\/wp-content\/uploads\/2022\/07\/Duette-Plissee-Cosiflor-Farbe-gelb-1779-400x250.jpg\" data-src=\"https:\/\/www.rollorieper.de\/blog\/wp-content\/uploads\/2022\/07\/Duette-Plissee-Cosiflor-Farbe-gelb-1779-400x250.jpg\" data-ll-status=\"loaded\" \/><\/picture> <\/a><\/div>\n<div class=\"post-item-inner\">\n<p>&nbsp;<\/p>\n<h2 class=\"title\">Plissee ohne Bohren \u2013 einfacher kann Montage nicht sein<\/h2>\n<p>&nbsp;<\/p>\n<p><a class=\"btn filled\" title=\"Plissee ohne Bohren \u2013 einfacher kann Montage nicht sein\" href=\"https:\/\/www.rollorieper.de\/blog\/plissee-ohne-bohren-mit-kleben.html\">Jetzt lesen<\/a><\/p>\n<\/div>\n<\/div>\n<div class=\"post-item post-3046 post type-post status-publish format-standard has-post-thumbnail hentry category-verdunkelung\">\n<div class=\"post-thumbnail\"><a title=\"Mit Kassettenrollos zum erholsamen Schlaf \u2013 welche Rollos erzielen die beste Verdunkelung?\" href=\"https:\/\/www.rollorieper.de\/blog\/schlaf-verdunkelung-mit-rollos.html\">\n<picture> <img decoding=\"async\" class=\"lazy entered loaded\" src=\"https:\/\/www.rollorieper.de\/blog\/wp-content\/uploads\/2016\/11\/Frau_plissee-400x250.jpg\" data-src=\"https:\/\/www.rollorieper.de\/blog\/wp-content\/uploads\/2016\/11\/Frau_plissee-400x250.jpg\" data-ll-status=\"loaded\" \/><\/picture> <\/a><\/div>\n<div class=\"post-item-inner\">\n<p>&nbsp;<\/p>\n<h2 class=\"title\">Mit Kassettenrollos zum erholsamen Schlaf \u2013 welche Rollos erzielen die beste Verdunkelung?<\/h2>\n<p>&nbsp;<\/p>\n<p><a class=\"btn filled\" title=\"Mit Kassettenrollos zum erholsamen Schlaf \u2013 welche Rollos erzielen die beste Verdunkelung?\" href=\"https:\/\/www.rollorieper.de\/blog\/schlaf-verdunkelung-mit-rollos.html\">Jetzt lesen<\/a><\/p>\n<\/div>\n<\/div>\n<div class=\"post-item post-5407 post type-post status-publish format-standard has-post-thumbnail hentry category-verdunkelung\">\n<div class=\"post-thumbnail\"><a title=\"Aufsatz- oder Vorbaurollladen? Wo liegen die Unterschiede?\" href=\"https:\/\/www.rollorieper.de\/blog\/aufsatz-oder-vorbaurollladen.html\">\n<picture> <img decoding=\"async\" class=\"lazy entered loaded\" src=\"https:\/\/www.rollorieper.de\/blog\/wp-content\/uploads\/2021\/01\/rollladen_teaser_2-400x250.jpg\" data-src=\"https:\/\/www.rollorieper.de\/blog\/wp-content\/uploads\/2021\/01\/rollladen_teaser_2-400x250.jpg\" data-ll-status=\"loaded\" \/><\/picture> <\/a><\/div>\n<div class=\"post-item-inner\">\n<p>&nbsp;<\/p>\n<h2 class=\"title\">Aufsatz- oder Vorbaurollladen? Wo liegen die Unterschiede?<\/h2>\n<p>&nbsp;<\/p>\n<p><a class=\"btn filled\" title=\"Aufsatz- oder Vorbaurollladen? Wo liegen die Unterschiede?\" href=\"https:\/\/www.rollorieper.de\/blog\/aufsatz-oder-vorbaurollladen.html\">Jetzt lesen<\/a><\/p>\n<\/div>\n<\/div>\n<\/div>\n<\/div>\n","protected":false},"excerpt":{"rendered":"<p>Gesch\u00e4ftsf\u00fchrender Inhaber von Rollo Rieper Dipl. Oec. Rouven Rieper ist seit Juli 1997 Inhaber der Firma Rollo Rieper Rouven Rieper e.K., Bausachverst\u00e4ndiger und begeisterter Blogger. Nach dem Tode seines Vaters Georg Rieper \u00fcbernahm Rouven Rieper das kleine Unternehmen in Bremen, Humboldtstra\u00dfe, und fertigte zun\u00e4chst noch selbst in der hauseigenen Werkstatt Rollos und Innenjalousien. Danach war [&hellip;]<\/p>\n","protected":false},"author":1,"featured_media":0,"parent":0,"menu_order":0,"comment_status":"closed","ping_status":"closed","template":"","meta":{"_acf_changed":false,"footnotes":""},"class_list":["post-2894","page","type-page","status-publish","hentry"],"acf":[],"_links":{"self":[{"href":"https:\/\/www.rollorieper.de\/blog\/wp-json\/wp\/v2\/pages\/2894","targetHints":{"allow":["GET"]}}],"collection":[{"href":"https:\/\/www.rollorieper.de\/blog\/wp-json\/wp\/v2\/pages"}],"about":[{"href":"https:\/\/www.rollorieper.de\/blog\/wp-json\/wp\/v2\/types\/page"}],"author":[{"embeddable":true,"href":"https:\/\/www.rollorieper.de\/blog\/wp-json\/wp\/v2\/users\/1"}],"replies":[{"embeddable":true,"href":"https:\/\/www.rollorieper.de\/blog\/wp-json\/wp\/v2\/comments?post=2894"}],"version-history":[{"count":37,"href":"https:\/\/www.rollorieper.de\/blog\/wp-json\/wp\/v2\/pages\/2894\/revisions"}],"predecessor-version":[{"id":10453,"href":"https:\/\/www.rollorieper.de\/blog\/wp-json\/wp\/v2\/pages\/2894\/revisions\/10453"}],"wp:attachment":[{"href":"https:\/\/www.rollorieper.de\/blog\/wp-json\/wp\/v2\/media?parent=2894"}],"curies":[{"name":"wp","href":"https:\/\/api.w.org\/{rel}","templated":true}]}}